emainder when d is divided by h.
32
Let f be (14/(-8))/(4/(-96)). Let h = 226 + -201. Let s = f - h. Calculate the remainder when s is divided by 4.
1
Let o(r) = -r + 19. Let b be o(17). Suppose -b*u = 294 - 352. Calculate the remainder when 57 is divided by u.
28
Suppose -677 = -5*k - t, 3*k + 131*t = 129*t + 402. Calculate the remainder when 322 is divided by k.
50
Let l(j) = j**3 - 5*j**2 + 5*j - 3. Let h be l(4). Let d = 33 + h. Let m = -8750 - -8850. Calculate the remainder when m is divided by d.
32
Let g(s) = s**3 + 20*s**2 - 73*s - 28. Let r be g(-23). Calculate the remainder when 23 is divided by (32/r)/(((-2)/(-2))/26).
10
Let u = 559 + -546. What is the remainder when (-90)/30 + -158*2/(-4) is divided by u?
11
Let m(h) = h**3 - 33*h**2 - 32*h - 65. Let w be m(34). Suppose -2*v + 190 = 5*a, 4*v = -w*a - 32 + 146. Calculate the remainder when a is divided by 14.
10
Let r = -573 + 409. Let t = r - -177. What is the remainder when 348 is divided by t?
10
Suppose -4*w + 34 = -2*w. What is the remainder when (-132)/(23 + -45) - -58 is divided by w?
13
Let s(j) = 16*j + 72. Let f(c) = -2*c - 9. Let d(r) = 51*f(r) + 6*s(r). What is the remainder when 24 is divided by d(-6)?
6
Let d = -14655 - -14765. Calculate the remainder when 638 is divided by d.
88
Let q(o) = 50*o**2 - 850*o - 32. What is the remainder when q(19) is divided by 620?
8
Suppose -218*d - 37105 = -423*d. Calculate the remainder when 1632 is divided by d.
3
Suppose -5*w + 36 = -4*r - 194, -230 = -5*w + 5*r. Let j be 1 + (-10)/8 + 410/40. Suppose -j*t - 24 = -12*t. Calculate the remainder when w is divided by t.
10
Let n = -2 + 9. Suppose 4*r + r + 4*h - 131 = 0, 73 = 3*r + h. What is the remainder when r is divided by n?
2
Let t be (-8 - -10)/((-1)/(-9)). Calculate the remainder when 145 is divided by t - (-2)/(((-42)/9)/(-7)).
19
Suppose o - 108 = -58825*p + 58820*p, -2*o + 5*p = 9. Let l(t) = 7*t**2 - t - 5. What is the remainder when l(-4) is divided by o?
12
Suppose -5*u + w + 321 = -661, -3*w + 954 = 5*u. Calculate the remainder when 423 is divided by u.
33
Let t = 257 - 487. Let a = 240 + t. What is the remainder when 206 is divided by a?
6
Let g be (56/(-21))/8 - (-80)/6. Suppose -g*o + 1052 - 51 = 0. What is the remainder when o is divided by 16?
13
Let w(u) = 3*u**2 + 12*u - 36. Let y be w(-6). Suppose 5*p + 0*g + 2*g - 197 = y, -g - 77 = -2*p. Calculate the remainder when p is divided by -1 - -7 - 4/2.
3
Suppose 447*m = 2055*m - 8040. Let t(u) = -u**2 - 3*u + 1. Let k be t(-2). Suppose 7 = k*v - 17. What is the remainder when v is divided by m?
3
Let y(s) = s**3 - 10*s**2 + 16*s - 286. What is the remainder when 1890 is divided by y(11)?
9
Let x be (-72)/432 + (-194)/(-12). Let y(k) = -2*k**3 + 32*k**2 + 8*k - 59. What is the remainder when y(x) is divided by 18?
15
What is the remainder when 4*((-183)/(-6) + 0) is divided by 2470/247 + (-62)/(-2)?
40
Let o = -5933 + 5965. Calculate the remainder when 496 is divided by o.
16
Calculate the remainder when 2*(152 - -3) - 11 is divided by 161.
138
Let t = 921 - 917. Calculate the remainder when 1234 is divided by t.
2
Let a be ((-2)/(-4))/((-25)/(-100)). Suppose -2*g - 323 = -3*c, -a*g = 3*c - 241 - 66. Calculate the remainder when 519 is divided by c.
99
Suppose 45*s - 4*a + 172 = 48*s, 5*s = 4*a + 308. What is the remainder when 61 is divided by s?
1
Suppose 3*k = -0*d - 5*d - 33, 65 = -5*d + 5*k. What is the remainder when d/15 + (-296)/(-10) + -4 is divided by 9?
7
Suppose 5*w + 5*x - 1835 = 0, 4*w + x = -555 + 2035. Suppose 0 = -4*g + g + 57. What is the remainder when 4/(-1) + 3 - w/(-7) is divided by g?
14
Let m(w) = -w**2 + w - 1. Let b(x) = -6*x**3 + 2*x**2 + 4*x + 11. Let j(l) = -b(l) - 4*m(l). Calculate the remainder when j(3) is divided by 19.
16
Suppose -250 = -12*o + 302. Let n = o + 128. Calculate the remainder when n is divided by 44.
42
Suppose 174 + 38 + 312 = 4*k. What is the remainder when 365 is divided by k?
103
Let n(p) = -2*p**3 + 14*p**2 - p + 34. Calculate the remainder when n(6) is divided by 17.
15
Suppose -18 = h - 5*a, 0 = -h + 2*a - 18 + 12. Calculate the remainder when 431 is divided by h/(1*8/28).
4
Let f = 49 + -49. Suppose f = -13*u + 12*u + 195. Calculate the remainder when 37 is divided by u/(-52)*(-16)/3.
17
Suppose 0 = -5*s - 5*c + 680, 5*s - 7*c = -2*c + 630. Let h = 219 - s. What is the remainder when h is divided by 27?
7
Let g(t) = t**3 + 18*t**2 + 14*t - 22. Let c be g(-17). Suppose -2*s - c = -91. Let q = s + -13. Calculate the remainder when q is divided by 7.
4
Suppose -3*h = 4*z + 2228, 2*z - 4*z - 2*h - 1116 = 0. Let k = 607 + z. Calculate the remainder when k is divided by 16.
5
Suppose -8304 = -6*b - 18*b - 2040. What is the remainder when 466 is divided by b?
205
What is the remainder when 3 + -10 - 1 - (-45 + 11) is divided by (12/(-16))/(1/(-12))?
8
Suppose -3*s = -2*y - 13, -4 = 3*s - 4*y - 9. Let t(v) = 17*v - 5 - 7*v + s*v + 2*v. Calculate the remainder when 79 is divided by t(1).
9
Let a = 84 + -76. Calculate the remainder when a is divided by 7.
1
Let t(j) = -19*j + 19*j + 17*j + 34 + j**2. Let l be t(-17). Suppose -592 = -4*q - 4*r, -2*r = 5*q - l - 718. Calculate the remainder when q is divided by 17.
16
Let p = -5819 + 5810. Let d(g) = 41. Let n(f) = -f + 1. Let b(t) = -d(t) + 6*n(t). What is the remainder when 85 is divided by b(p)?
9
Suppose 33*h + 446 = 3*v + 37*h, -3*v = -4*h - 406. What is the remainder when v is divided by 133?
9
Suppose 10520 = -89*w + 32859. Calculate the remainder when w is divided by 61.
7
Suppose -2*s + 4*w + 10499 = -1905, 4*w = 0. What is the remainder when s is divided by 58?
54
Calculate the remainder when 455 is divided by (30/12)/((-46)/(-2760)).
5
Suppose 3987 + 3992 = 79*a. Calculate the remainder when 237 is divided by a.
35
What is the remainder when 1164 is divided by (-7)/35 + 9171/30 + (-13)/(-26)?
246
Let n(o) = 25*o + 202. Let k be n(-8). Suppose -1918 = -m - k*z, -4*m - z + 7684 = z. Calculate the remainder when m is divided by 52.
50
Let a(m) = -3*m - 9. Let s(f) = -8*f + 756. Calculate the remainder when s(44) is divided by a(-12).
26
Let c = 9940 + -9873. Calculate the remainder when 1466 is divided by c.
59
Let t(n) = -21*n - 4. Let b(x) = -x**3 + 52*x**2 - 13*x - 4319. Calculate the remainder when t(-3) is divided by b(50).
28
Suppose -3*f + 13 + 11 = 0. Let o = -305 - -538. Let a = o - 220. What is the remainder when a is divided by f?
5
Let v(w) = w**3 - 5*w**2 - 7*w + 12. Let s be v(6). Let l be 3*1/s*(10 + -4). Suppose -l*k - 9 = -63. Calculate the remainder when 53 is divided by k.
17
Let c(h) = -h**2 - 33*h - 142. What is the remainder when -11*3*65/(-39) is divided by c(-27)?
15
Suppose -y - 159 = -0*y + 4*u, -5*u = 2*y + 309. Let c = 155 + y. Let j = -18 - -33. What is the remainder when j is divided by c?
7
Let f(o) = 9*o**3 + 43*o**2 + 36*o + 15. Let r(x) = 5*x**3 + 22*x**2 + 18*x + 8. Let t(q) = 6*f(q) - 11*r(q). What is the remainder when t(17) is divided by 5?
4
Suppose 6*o = 5*o - 85. Let l = -23 - o. Let t = 95 - l. What is the remainder when t is divided by 9?
6
Suppose 438 = 5*i - 87. What is the remainder when 64 is divided by (-1428)/i*5/(-2)?
30
What is the remainder when (-18)/(-126) - 16742/(-14) is divided by 92?
0
Let m(x) = 38*x - 1706. What is the remainder when m(53) is divided by 93?
29
Suppose 48*x = 44*x + f + 22, 0 = 4*x - 5*f - 30. Let g(t) = -6*t**2 + t + 1. Let z be g(-1). Calculate the remainder when (-80)/z - 6/18 is divided by x.
3
Suppose -s = -12*s + 264. What is the remainder when 63 is divided by s + 0*(-1)/5?
15
Let b(z) = -7*z - 144. What is the remainder when 127 is divided by b(-21)?
1
Let o(i) = 2*i - 76. Let v be o(41). Suppose -1405 = -v*u - 487. Calculate the remainder when u is divided by 77.
76
Let h = -12 + 13. Let o be (-18)/24*-4*h. Suppose 0*j + q - 106 = -j, o*j = 5*q + 358. What is the remainder when j is divided by 19?
16
Suppose -3*z - 4*y = -1532, 0 = -2*z - 10*y + 7*y + 1023. What is the remainder when z is divided by 98?
14
Let d = -4745 - -5123. Calculate the remainder when d is divided by 46.
10
Let d(r) be the second derivative of -r**5/20 + 3*r**4/4 + r**3/2 - 23*r**2/2 + 5*r - 1. What is the remainder when 15 is divided by d(9)?
3
Let o = 2